{"id":580,"date":"2017-03-22T18:39:18","date_gmt":"2017-03-22T17:39:18","guid":{"rendered":"http:\/\/www.deibele.eu\/fotobuxtehude\/?page_id=580"},"modified":"2025-04-06T17:50:25","modified_gmt":"2025-04-06T15:50:25","slug":"viver","status":"publish","type":"page","link":"https:\/\/www.deibele.eu\/fotobuxtehude\/?page_id=580","title":{"rendered":"Viver"},"content":{"rendered":"<table style=\"width: 100%;\" border=\"0\" cellspacing=\"1\" cellpadding=\"1\">\n<tbody>\n<tr>\n<td style=\"width: 25%;\"><strong>Querverweise:<\/strong><\/td>\n<td style=\"width: 25%;\"><a href=\"http:\/\/www.deibele.eu\/fotobuxtehude\/?page_id=482\">Katze mit B\u00fcgel<\/a><\/td>\n<td style=\"width: 25%;\"><a href=\"http:\/\/www.deibele.eu\/fotobuxtehude\/?page_id=512\">Linah-Zwinger<\/a><\/td>\n<td style=\"width: 25%;\">&nbsp;<\/td>\n<\/tr>\n<tr>\n<td style=\"width: 25%;\">Viver<\/td>\n<td style=\"width: 25%;\"><a href=\"http:\/\/www.deibele.eu\/fotobuxtehude\/?page_id=582\">Viverstra\u00dfe<\/a><\/td>\n<td style=\"width: 25%;\">&nbsp;<\/td>\n<td style=\"width: 25%;\">&nbsp;<\/td>\n<\/tr>\n<tr>\n<td style=\"width: 25%;\">&nbsp;<\/td>\n<td style=\"width: 25%;\">&nbsp;<\/td>\n<td style=\"width: 25%;\">&nbsp;<\/td>\n<td style=\"width: 25%;\">&nbsp;<\/td>\n<\/tr>\n<\/tbody>\n<\/table>\n<p>Holl\u00e4ndische Wasserbauer schachteten im 13. Jahrhundert&nbsp;f\u00fcr die Flethanlage einen \u00fcber 1000 Meter langen Wassergraben um die Altstadt aus. Dieser Festungsgraben hie\u00df nach dem niederl\u00e4ndischen Wort &#8222;Viver&#8220;, abgeleitet von &#8222;Vivarium&#8220; (Fischbeh\u00e4lter, Fischgehege).<br \/>\nngg_shortcode_0_placeholder<\/p>\n","protected":false},"excerpt":{"rendered":"<p>Querverweise: Katze mit B\u00fcgel Linah-Zwinger &nbsp; Viver Viverstra\u00dfe &nbsp; &nbsp; &nbsp; &nbsp; &nbsp; &nbsp; Holl\u00e4ndische Wasserbauer schachteten im 13. Jahrhundert&nbsp;f\u00fcr die Flethanlage einen \u00fcber 1000 Meter langen Wassergraben um die Altstadt aus. Dieser Festungsgraben hie\u00df nach dem niederl\u00e4ndischen Wort &#8222;Viver&#8220;, abgeleitet von &#8222;Vivarium&#8220; (Fischbeh\u00e4lter, Fischgehege).<\/p>\n","protected":false},"author":1,"featured_media":0,"parent":0,"menu_order":0,"comment_status":"closed","ping_status":"closed","template":"","meta":{"ngg_post_thumbnail":0,"footnotes":""},"class_list":["post-580","page","type-page","status-publish","hentry"],"yoast_head":"<!-- This site is optimized with the Yoast SEO plugin v24.8.1 - https:\/\/yoast.com\/wordpress\/plugins\/seo\/ -->\n<title>Viver - Buxtehude Fotos<\/title>\n<meta name=\"description\" content=\"Holl\u00e4ndische Wasserbauer schachteten im 13. Jh einen \u00fcber 1000 m langen Festungsgraben um die Altstadt aus, den &quot;Viver&quot; von &quot;Vivarium&quot; (Fischgehege).\" \/>\n<meta name=\"robots\" content=\"index, follow, max-snippet:-1, max-image-preview:large, max-video-preview:-1\" \/>\n<link rel=\"canonical\" href=\"https:\/\/www.deibele.eu\/fotobuxtehude\/?page_id=580\" \/>\n<meta property=\"og:locale\" content=\"de_DE\" \/>\n<meta property=\"og:type\" content=\"article\" \/>\n<meta property=\"og:title\" content=\"Viver - Buxtehude Fotos\" \/>\n<meta property=\"og:description\" content=\"Holl\u00e4ndische Wasserbauer schachteten im 13. Jh einen \u00fcber 1000 m langen Festungsgraben um die Altstadt aus, den &quot;Viver&quot; von &quot;Vivarium&quot; (Fischgehege).\" \/>\n<meta property=\"og:url\" content=\"https:\/\/www.deibele.eu\/fotobuxtehude\/?page_id=580\" \/>\n<meta property=\"og:site_name\" content=\"Buxtehude Fotos\" \/>\n<meta property=\"article:modified_time\" content=\"2025-04-06T15:50:25+00:00\" \/>\n<meta name=\"twitter:card\" content=\"summary_large_image\" \/>\n<meta name=\"twitter:label1\" content=\"Gesch\u00e4tzte Lesezeit\" \/>\n\t<meta name=\"twitter:data1\" content=\"1\u00a0Minute\" \/>\n<script type=\"application\/ld+json\" class=\"yoast-schema-graph\">{\"@context\":\"https:\/\/schema.org\",\"@graph\":[{\"@type\":\"WebPage\",\"@id\":\"https:\/\/www.deibele.eu\/fotobuxtehude\/?page_id=580\",\"url\":\"https:\/\/www.deibele.eu\/fotobuxtehude\/?page_id=580\",\"name\":\"Viver - Buxtehude Fotos\",\"isPartOf\":{\"@id\":\"https:\/\/www.deibele.eu\/fotobuxtehude\/#website\"},\"datePublished\":\"2017-03-22T17:39:18+00:00\",\"dateModified\":\"2025-04-06T15:50:25+00:00\",\"description\":\"Holl\u00e4ndische Wasserbauer schachteten im 13. Jh einen \u00fcber 1000 m langen Festungsgraben um die Altstadt aus, den \\\"Viver\\\" von \\\"Vivarium\\\" (Fischgehege).\",\"breadcrumb\":{\"@id\":\"https:\/\/www.deibele.eu\/fotobuxtehude\/?page_id=580#breadcrumb\"},\"inLanguage\":\"de\",\"potentialAction\":[{\"@type\":\"ReadAction\",\"target\":[\"https:\/\/www.deibele.eu\/fotobuxtehude\/?page_id=580\"]}]},{\"@type\":\"BreadcrumbList\",\"@id\":\"https:\/\/www.deibele.eu\/fotobuxtehude\/?page_id=580#breadcrumb\",\"itemListElement\":[{\"@type\":\"ListItem\",\"position\":1,\"name\":\"Startseite\",\"item\":\"https:\/\/www.deibele.eu\/fotobuxtehude\/\"},{\"@type\":\"ListItem\",\"position\":2,\"name\":\"Viver\"}]},{\"@type\":\"WebSite\",\"@id\":\"https:\/\/www.deibele.eu\/fotobuxtehude\/#website\",\"url\":\"https:\/\/www.deibele.eu\/fotobuxtehude\/\",\"name\":\"Buxtehude Fotos\",\"description\":\"von Arnold Deibele\",\"potentialAction\":[{\"@type\":\"SearchAction\",\"target\":{\"@type\":\"EntryPoint\",\"urlTemplate\":\"https:\/\/www.deibele.eu\/fotobuxtehude\/?s={search_term_string}\"},\"query-input\":{\"@type\":\"PropertyValueSpecification\",\"valueRequired\":true,\"valueName\":\"search_term_string\"}}],\"inLanguage\":\"de\"}]}<\/script>\n<!-- \/ Yoast SEO plugin. -->","yoast_head_json":{"title":"Viver - Buxtehude Fotos","description":"Holl\u00e4ndische Wasserbauer schachteten im 13. Jh einen \u00fcber 1000 m langen Festungsgraben um die Altstadt aus, den \"Viver\" von \"Vivarium\" (Fischgehege).","robots":{"index":"index","follow":"follow","max-snippet":"max-snippet:-1","max-image-preview":"max-image-preview:large","max-video-preview":"max-video-preview:-1"},"canonical":"https:\/\/www.deibele.eu\/fotobuxtehude\/?page_id=580","og_locale":"de_DE","og_type":"article","og_title":"Viver - Buxtehude Fotos","og_description":"Holl\u00e4ndische Wasserbauer schachteten im 13. Jh einen \u00fcber 1000 m langen Festungsgraben um die Altstadt aus, den \"Viver\" von \"Vivarium\" (Fischgehege).","og_url":"https:\/\/www.deibele.eu\/fotobuxtehude\/?page_id=580","og_site_name":"Buxtehude Fotos","article_modified_time":"2025-04-06T15:50:25+00:00","twitter_card":"summary_large_image","twitter_misc":{"Gesch\u00e4tzte Lesezeit":"1\u00a0Minute"},"schema":{"@context":"https:\/\/schema.org","@graph":[{"@type":"WebPage","@id":"https:\/\/www.deibele.eu\/fotobuxtehude\/?page_id=580","url":"https:\/\/www.deibele.eu\/fotobuxtehude\/?page_id=580","name":"Viver - Buxtehude Fotos","isPartOf":{"@id":"https:\/\/www.deibele.eu\/fotobuxtehude\/#website"},"datePublished":"2017-03-22T17:39:18+00:00","dateModified":"2025-04-06T15:50:25+00:00","description":"Holl\u00e4ndische Wasserbauer schachteten im 13. Jh einen \u00fcber 1000 m langen Festungsgraben um die Altstadt aus, den \"Viver\" von \"Vivarium\" (Fischgehege).","breadcrumb":{"@id":"https:\/\/www.deibele.eu\/fotobuxtehude\/?page_id=580#breadcrumb"},"inLanguage":"de","potentialAction":[{"@type":"ReadAction","target":["https:\/\/www.deibele.eu\/fotobuxtehude\/?page_id=580"]}]},{"@type":"BreadcrumbList","@id":"https:\/\/www.deibele.eu\/fotobuxtehude\/?page_id=580#breadcrumb","itemListElement":[{"@type":"ListItem","position":1,"name":"Startseite","item":"https:\/\/www.deibele.eu\/fotobuxtehude\/"},{"@type":"ListItem","position":2,"name":"Viver"}]},{"@type":"WebSite","@id":"https:\/\/www.deibele.eu\/fotobuxtehude\/#website","url":"https:\/\/www.deibele.eu\/fotobuxtehude\/","name":"Buxtehude Fotos","description":"von Arnold Deibele","potentialAction":[{"@type":"SearchAction","target":{"@type":"EntryPoint","urlTemplate":"https:\/\/www.deibele.eu\/fotobuxtehude\/?s={search_term_string}"},"query-input":{"@type":"PropertyValueSpecification","valueRequired":true,"valueName":"search_term_string"}}],"inLanguage":"de"}]}},"_links":{"self":[{"href":"https:\/\/www.deibele.eu\/fotobuxtehude\/index.php?rest_route=\/wp\/v2\/pages\/580","targetHints":{"allow":["GET"]}}],"collection":[{"href":"https:\/\/www.deibele.eu\/fotobuxtehude\/index.php?rest_route=\/wp\/v2\/pages"}],"about":[{"href":"https:\/\/www.deibele.eu\/fotobuxtehude\/index.php?rest_route=\/wp\/v2\/types\/page"}],"author":[{"embeddable":true,"href":"https:\/\/www.deibele.eu\/fotobuxtehude\/index.php?rest_route=\/wp\/v2\/users\/1"}],"replies":[{"embeddable":true,"href":"https:\/\/www.deibele.eu\/fotobuxtehude\/index.php?rest_route=%2Fwp%2Fv2%2Fcomments&post=580"}],"version-history":[{"count":10,"href":"https:\/\/www.deibele.eu\/fotobuxtehude\/index.php?rest_route=\/wp\/v2\/pages\/580\/revisions"}],"predecessor-version":[{"id":7345,"href":"https:\/\/www.deibele.eu\/fotobuxtehude\/index.php?rest_route=\/wp\/v2\/pages\/580\/revisions\/7345"}],"wp:attachment":[{"href":"https:\/\/www.deibele.eu\/fotobuxtehude\/index.php?rest_route=%2Fwp%2Fv2%2Fmedia&parent=580"}],"curies":[{"name":"wp","href":"https:\/\/api.w.org\/{rel}","templated":true}]}}