{"id":514,"date":"2017-03-22T18:23:20","date_gmt":"2017-03-22T17:23:20","guid":{"rendered":"http:\/\/www.deibele.eu\/fotobuxtehude\/?page_id=514"},"modified":"2017-05-03T23:45:45","modified_gmt":"2017-05-03T21:45:45","slug":"lueneburger-schanze","status":"publish","type":"page","link":"https:\/\/www.deibele.eu\/fotobuxtehude\/?page_id=514","title":{"rendered":"L\u00fcneburger Schanze"},"content":{"rendered":"<table border=\"0\" cellpadding=\"1\" cellspacing=\"1\" style=\"width: 100%;\">\n<tbody>\n<tr>\n<td style=\"width: 25%;\">\n\t\t\t\t<strong>Querverweise:<\/strong>\n\t\t\t<\/td>\n<td style=\"width: 25%;\">\n\t\t\t\t<a href=\"http:\/\/www.deibele.eu\/fotobuxtehude\/?page_id=401\">Altkloster<\/a>\n\t\t\t<\/td>\n<td style=\"width: 25%;\">\n\t\t\t\t<a href=\"http:\/\/www.deibele.eu\/fotobuxtehude\/?page_id=431\">Elbekliniken<\/a>\n\t\t\t<\/td>\n<td style=\"width: 25%;\">\n\t\t\t\t<a href=\"http:\/\/www.deibele.eu\/fotobuxtehude\/?page_id=453\">Friedhof<\/a>\n\t\t\t<\/td>\n<\/tr>\n<tr>\n<td style=\"width: 25%;\">\n\t\t\t\t<a href=\"http:\/\/www.deibele.eu\/fotobuxtehude\/?page_id=455\">Friedhof Stader Stra&szlig;e<\/a>\n\t\t\t<\/td>\n<td style=\"width: 25%;\">\n\t\t\t\t<a href=\"http:\/\/www.deibele.eu\/fotobuxtehude\/?page_id=477\">Kaserne Torhaus<\/a>\n\t\t\t<\/td>\n<td style=\"width: 25%;\">\n\t\t\t\t<a href=\"http:\/\/www.deibele.eu\/fotobuxtehude\/?page_id=486\">Klosterhof<\/a>\n\t\t\t<\/td>\n<td style=\"width: 25%;\">\n\t\t\t\t&nbsp;\n\t\t\t<\/td>\n<\/tr>\n<tr>\n<td style=\"width: 25%;\">\n\t\t\t\tL&uuml;neburger Schanze\n\t\t\t<\/td>\n<td style=\"width: 25%;\">\n\t\t\t\t<a href=\"http:\/\/www.deibele.eu\/fotobuxtehude\/?page_id=528\">Nonne mit Schaf<\/a>\n\t\t\t<\/td>\n<td style=\"width: 25%;\">\n\t\t\t\t<a href=\"http:\/\/www.deibele.eu\/fotobuxtehude\/?page_id=550\">Schafsmarkt<\/a>\n\t\t\t<\/td>\n<td style=\"width: 25%;\">\n\t\t\t\t<a href=\"http:\/\/www.deibele.eu\/fotobuxtehude\/?page_id=556\">Villen Stader Stra&szlig;e<\/a>\n\t\t\t<\/td>\n<\/tr>\n<\/tbody>\n<\/table>\n<p>\n\tAm Ende der Moisburger Stra&szlig;e ragt, umgeben von m&auml;chtigen Eichen, der Giebel eines reetgedeckten Fachwerkhauses, der &sbquo;L&uuml;neburger Schanze&rsquo;, auf. Der Name verweist auf das Herzogtum Braunschweig-L&uuml;neburg, das seit 1236 die Este als Grenze mit dem Erzbistum Bremen teilte. Der herzoglich-l&uuml;neburgische Amtmann zu Moisburg war es auch, der 1568\/59 gegen&uuml;ber dem Alten Kloster, das seit 1648 schwedisch war, ein Wachthaus mit Umwallung, seit 1687 nachweislich auch Zollstelle, errichten lie&szlig;. Im 18. Jahrhundert wandelte der damalige Besitzer die Anlage in einen Bauernhof mit Gastwirtschaft um. W&auml;hrend die Landwirtschaft vor einiger Zeit aufgegeben wurde, floriert die Gastst&auml;tte in neubelebter Kontinuit&auml;t. Die Este blieb bis in die Gegenwart Grenzflu&szlig;, zuletzt zwischen den Landkreisen Harburg und Stade. Erst mit der Gebiets- und Verwaltungsreform im Jahre 1972 wurde das &ouml;stliche Esteufer Buxtehuder Stadtgebiet.(Quelle: <a href=\"http:\/\/www.landschaftsverband-stade.de\/faltblatt10.html\">www.landschaftsverband-stade.de<\/a>)<br \/>\n\tngg_shortcode_0_placeholder<\/p>\n","protected":false},"excerpt":{"rendered":"<p>Querverweise: Altkloster Elbekliniken Friedhof Friedhof Stader Stra&szlig;e Kaserne Torhaus Klosterhof &nbsp; L&uuml;neburger Schanze Nonne mit Schaf Schafsmarkt Villen Stader Stra&szlig;e Am Ende der Moisburger Stra&szlig;e ragt, umgeben von m&auml;chtigen Eichen, der Giebel eines reetgedeckten Fachwerkhauses, der &sbquo;L&uuml;neburger Schanze&rsquo;, auf. Der Name verweist auf das Herzogtum Braunschweig-L&uuml;neburg, das seit 1236 die Este als Grenze mit dem [&hellip;]<\/p>\n","protected":false},"author":1,"featured_media":0,"parent":0,"menu_order":0,"comment_status":"closed","ping_status":"closed","template":"","meta":{"ngg_post_thumbnail":0,"footnotes":""},"class_list":["post-514","page","type-page","status-publish","hentry"],"yoast_head":"<!-- This site is optimized with the Yoast SEO plugin v24.8.1 - https:\/\/yoast.com\/wordpress\/plugins\/seo\/ -->\n<title>L\u00fcneburger Schanze - Buxtehude Fotos<\/title>\n<meta name=\"description\" content=\"L\u00fcneburger Schanze, Moisburger Stra\u00dfe, seit 1687 Zollstelle zwischen Herzogtum Braunschweig-L\u00fcneburg und Erzbistum Bremen, Im 18. Jh. Bauernhof mit Gastwirtschaft\" \/>\n<meta name=\"robots\" content=\"index, follow, max-snippet:-1, max-image-preview:large, max-video-preview:-1\" \/>\n<link rel=\"canonical\" href=\"https:\/\/www.deibele.eu\/fotobuxtehude\/?page_id=514\" \/>\n<meta property=\"og:locale\" content=\"de_DE\" \/>\n<meta property=\"og:type\" content=\"article\" \/>\n<meta property=\"og:title\" content=\"L\u00fcneburger Schanze - Buxtehude Fotos\" \/>\n<meta property=\"og:description\" content=\"L\u00fcneburger Schanze, Moisburger Stra\u00dfe, seit 1687 Zollstelle zwischen Herzogtum Braunschweig-L\u00fcneburg und Erzbistum Bremen, Im 18. Jh. Bauernhof mit Gastwirtschaft\" \/>\n<meta property=\"og:url\" content=\"https:\/\/www.deibele.eu\/fotobuxtehude\/?page_id=514\" \/>\n<meta property=\"og:site_name\" content=\"Buxtehude Fotos\" \/>\n<meta property=\"article:modified_time\" content=\"2017-05-03T21:45:45+00:00\" \/>\n<meta name=\"twitter:card\" content=\"summary_large_image\" \/>\n<meta name=\"twitter:label1\" content=\"Gesch\u00e4tzte Lesezeit\" \/>\n\t<meta name=\"twitter:data1\" content=\"1\u00a0Minute\" \/>\n<script type=\"application\/ld+json\" class=\"yoast-schema-graph\">{\"@context\":\"https:\/\/schema.org\",\"@graph\":[{\"@type\":\"WebPage\",\"@id\":\"https:\/\/www.deibele.eu\/fotobuxtehude\/?page_id=514\",\"url\":\"https:\/\/www.deibele.eu\/fotobuxtehude\/?page_id=514\",\"name\":\"L\u00fcneburger Schanze - Buxtehude Fotos\",\"isPartOf\":{\"@id\":\"https:\/\/www.deibele.eu\/fotobuxtehude\/#website\"},\"datePublished\":\"2017-03-22T17:23:20+00:00\",\"dateModified\":\"2017-05-03T21:45:45+00:00\",\"description\":\"L\u00fcneburger Schanze, Moisburger Stra\u00dfe, seit 1687 Zollstelle zwischen Herzogtum Braunschweig-L\u00fcneburg und Erzbistum Bremen, Im 18. Jh. Bauernhof mit Gastwirtschaft\",\"breadcrumb\":{\"@id\":\"https:\/\/www.deibele.eu\/fotobuxtehude\/?page_id=514#breadcrumb\"},\"inLanguage\":\"de\",\"potentialAction\":[{\"@type\":\"ReadAction\",\"target\":[\"https:\/\/www.deibele.eu\/fotobuxtehude\/?page_id=514\"]}]},{\"@type\":\"BreadcrumbList\",\"@id\":\"https:\/\/www.deibele.eu\/fotobuxtehude\/?page_id=514#breadcrumb\",\"itemListElement\":[{\"@type\":\"ListItem\",\"position\":1,\"name\":\"Startseite\",\"item\":\"https:\/\/www.deibele.eu\/fotobuxtehude\/\"},{\"@type\":\"ListItem\",\"position\":2,\"name\":\"L\u00fcneburger Schanze\"}]},{\"@type\":\"WebSite\",\"@id\":\"https:\/\/www.deibele.eu\/fotobuxtehude\/#website\",\"url\":\"https:\/\/www.deibele.eu\/fotobuxtehude\/\",\"name\":\"Buxtehude Fotos\",\"description\":\"von Arnold Deibele\",\"potentialAction\":[{\"@type\":\"SearchAction\",\"target\":{\"@type\":\"EntryPoint\",\"urlTemplate\":\"https:\/\/www.deibele.eu\/fotobuxtehude\/?s={search_term_string}\"},\"query-input\":{\"@type\":\"PropertyValueSpecification\",\"valueRequired\":true,\"valueName\":\"search_term_string\"}}],\"inLanguage\":\"de\"}]}<\/script>\n<!-- \/ Yoast SEO plugin. -->","yoast_head_json":{"title":"L\u00fcneburger Schanze - Buxtehude Fotos","description":"L\u00fcneburger Schanze, Moisburger Stra\u00dfe, seit 1687 Zollstelle zwischen Herzogtum Braunschweig-L\u00fcneburg und Erzbistum Bremen, Im 18. Jh. Bauernhof mit Gastwirtschaft","robots":{"index":"index","follow":"follow","max-snippet":"max-snippet:-1","max-image-preview":"max-image-preview:large","max-video-preview":"max-video-preview:-1"},"canonical":"https:\/\/www.deibele.eu\/fotobuxtehude\/?page_id=514","og_locale":"de_DE","og_type":"article","og_title":"L\u00fcneburger Schanze - Buxtehude Fotos","og_description":"L\u00fcneburger Schanze, Moisburger Stra\u00dfe, seit 1687 Zollstelle zwischen Herzogtum Braunschweig-L\u00fcneburg und Erzbistum Bremen, Im 18. Jh. Bauernhof mit Gastwirtschaft","og_url":"https:\/\/www.deibele.eu\/fotobuxtehude\/?page_id=514","og_site_name":"Buxtehude Fotos","article_modified_time":"2017-05-03T21:45:45+00:00","twitter_card":"summary_large_image","twitter_misc":{"Gesch\u00e4tzte Lesezeit":"1\u00a0Minute"},"schema":{"@context":"https:\/\/schema.org","@graph":[{"@type":"WebPage","@id":"https:\/\/www.deibele.eu\/fotobuxtehude\/?page_id=514","url":"https:\/\/www.deibele.eu\/fotobuxtehude\/?page_id=514","name":"L\u00fcneburger Schanze - Buxtehude Fotos","isPartOf":{"@id":"https:\/\/www.deibele.eu\/fotobuxtehude\/#website"},"datePublished":"2017-03-22T17:23:20+00:00","dateModified":"2017-05-03T21:45:45+00:00","description":"L\u00fcneburger Schanze, Moisburger Stra\u00dfe, seit 1687 Zollstelle zwischen Herzogtum Braunschweig-L\u00fcneburg und Erzbistum Bremen, Im 18. Jh. Bauernhof mit Gastwirtschaft","breadcrumb":{"@id":"https:\/\/www.deibele.eu\/fotobuxtehude\/?page_id=514#breadcrumb"},"inLanguage":"de","potentialAction":[{"@type":"ReadAction","target":["https:\/\/www.deibele.eu\/fotobuxtehude\/?page_id=514"]}]},{"@type":"BreadcrumbList","@id":"https:\/\/www.deibele.eu\/fotobuxtehude\/?page_id=514#breadcrumb","itemListElement":[{"@type":"ListItem","position":1,"name":"Startseite","item":"https:\/\/www.deibele.eu\/fotobuxtehude\/"},{"@type":"ListItem","position":2,"name":"L\u00fcneburger Schanze"}]},{"@type":"WebSite","@id":"https:\/\/www.deibele.eu\/fotobuxtehude\/#website","url":"https:\/\/www.deibele.eu\/fotobuxtehude\/","name":"Buxtehude Fotos","description":"von Arnold Deibele","potentialAction":[{"@type":"SearchAction","target":{"@type":"EntryPoint","urlTemplate":"https:\/\/www.deibele.eu\/fotobuxtehude\/?s={search_term_string}"},"query-input":{"@type":"PropertyValueSpecification","valueRequired":true,"valueName":"search_term_string"}}],"inLanguage":"de"}]}},"_links":{"self":[{"href":"https:\/\/www.deibele.eu\/fotobuxtehude\/index.php?rest_route=\/wp\/v2\/pages\/514","targetHints":{"allow":["GET"]}}],"collection":[{"href":"https:\/\/www.deibele.eu\/fotobuxtehude\/index.php?rest_route=\/wp\/v2\/pages"}],"about":[{"href":"https:\/\/www.deibele.eu\/fotobuxtehude\/index.php?rest_route=\/wp\/v2\/types\/page"}],"author":[{"embeddable":true,"href":"https:\/\/www.deibele.eu\/fotobuxtehude\/index.php?rest_route=\/wp\/v2\/users\/1"}],"replies":[{"embeddable":true,"href":"https:\/\/www.deibele.eu\/fotobuxtehude\/index.php?rest_route=%2Fwp%2Fv2%2Fcomments&post=514"}],"version-history":[{"count":7,"href":"https:\/\/www.deibele.eu\/fotobuxtehude\/index.php?rest_route=\/wp\/v2\/pages\/514\/revisions"}],"predecessor-version":[{"id":5974,"href":"https:\/\/www.deibele.eu\/fotobuxtehude\/index.php?rest_route=\/wp\/v2\/pages\/514\/revisions\/5974"}],"wp:attachment":[{"href":"https:\/\/www.deibele.eu\/fotobuxtehude\/index.php?rest_route=%2Fwp%2Fv2%2Fmedia&parent=514"}],"curies":[{"name":"wp","href":"https:\/\/api.w.org\/{rel}","templated":true}]}}