{"id":453,"date":"2017-03-22T17:44:17","date_gmt":"2017-03-22T16:44:17","guid":{"rendered":"http:\/\/www.deibele.eu\/fotobuxtehude\/?page_id=453"},"modified":"2017-04-29T18:15:45","modified_gmt":"2017-04-29T16:15:45","slug":"friedhof","status":"publish","type":"page","link":"https:\/\/www.deibele.eu\/fotobuxtehude\/?page_id=453","title":{"rendered":"Friedhof"},"content":{"rendered":"<table border=\"0\" cellpadding=\"1\" cellspacing=\"1\" style=\"width: 100%;\">\n<tbody>\n<tr>\n<td style=\"width: 25%;\">\n\t\t\t\t<strong>Querverweise:<\/strong>\n\t\t\t<\/td>\n<td style=\"width: 25%;\">\n\t\t\t\t<a href=\"http:\/\/www.deibele.eu\/fotobuxtehude\/?page_id=401\">Altkloster<\/a>\n\t\t\t<\/td>\n<td style=\"width: 25%;\">\n\t\t\t\t<a href=\"http:\/\/www.deibele.eu\/fotobuxtehude\/?page_id=431\">Elbekliniken<\/a>\n\t\t\t<\/td>\n<td style=\"width: 25%;\">\n\t\t\t\tFriedhof\n\t\t\t<\/td>\n<\/tr>\n<tr>\n<td style=\"width: 25%;\">\n\t\t\t\t<a href=\"http:\/\/www.deibele.eu\/fotobuxtehude\/?page_id=455\">Friedhof Stader Stra&szlig;e<\/a>\n\t\t\t<\/td>\n<td style=\"width: 25%;\">\n\t\t\t\t<a href=\"http:\/\/www.deibele.eu\/fotobuxtehude\/?page_id=477\">Kaserne Torhaus<\/a>\n\t\t\t<\/td>\n<td style=\"width: 25%;\">\n\t\t\t\t<a href=\"http:\/\/www.deibele.eu\/fotobuxtehude\/?page_id=486\">Klosterhof<\/a>\n\t\t\t<\/td>\n<td style=\"width: 25%;\">\n\t\t\t\t&nbsp;\n\t\t\t<\/td>\n<\/tr>\n<tr>\n<td style=\"width: 25%;\">\n\t\t\t\t<a href=\"http:\/\/www.deibele.eu\/fotobuxtehude\/?page_id=514\">L&uuml;neburger Schanze<\/a>\n\t\t\t<\/td>\n<td style=\"width: 25%;\">\n\t\t\t\t<a href=\"http:\/\/www.deibele.eu\/fotobuxtehude\/?page_id=528\">Nonne mit Schaf<\/a>\n\t\t\t<\/td>\n<td style=\"width: 25%;\">\n\t\t\t\t<a href=\"http:\/\/www.deibele.eu\/fotobuxtehude\/?page_id=550\">Schafsmarkt<\/a>\n\t\t\t<\/td>\n<td style=\"width: 25%;\">\n\t\t\t\t<a href=\"http:\/\/www.deibele.eu\/fotobuxtehude\/?page_id=556\">Villen Stader Stra&szlig;e<\/a>\n\t\t\t<\/td>\n<\/tr>\n<\/tbody>\n<\/table>\n<p>\n\tBuxtehuder Waldfriedhof, Einweihung 1957, Erweiterungsfl&auml;che 1980, Gr&ouml;&szlig;e ca. 4 ha. 2014 wurde der Buxtehuder Waldfriedhof von einer Fachjury unter die TOP 10 der sch&ouml;nsten Friedh&ouml;fe Deutschlands gew&auml;hlt. (Quelle: <a href=\"https:\/\/www.buxtehude.de\/portal\/seiten\/buxtehuder-waldfriedhof-900000153-20351.html\">www.buxtehude.de<\/a>).<br \/>\n\tIn der Ferdinandstra&szlig;e (unmittelbar am Bahnhof) befindet sich eine weiterer Friedhof..\n<\/p>\nngg_shortcode_0_placeholder\n","protected":false},"excerpt":{"rendered":"<p>Querverweise: Altkloster Elbekliniken Friedhof Friedhof Stader Stra&szlig;e Kaserne Torhaus Klosterhof &nbsp; L&uuml;neburger Schanze Nonne mit Schaf Schafsmarkt Villen Stader Stra&szlig;e Buxtehuder Waldfriedhof, Einweihung 1957, Erweiterungsfl&auml;che 1980, Gr&ouml;&szlig;e ca. 4 ha. 2014 wurde der Buxtehuder Waldfriedhof von einer Fachjury unter die TOP 10 der sch&ouml;nsten Friedh&ouml;fe Deutschlands gew&auml;hlt. (Quelle: www.buxtehude.de). In der Ferdinandstra&szlig;e (unmittelbar am Bahnhof) [&hellip;]<\/p>\n","protected":false},"author":1,"featured_media":0,"parent":0,"menu_order":0,"comment_status":"closed","ping_status":"closed","template":"","meta":{"ngg_post_thumbnail":0,"footnotes":""},"class_list":["post-453","page","type-page","status-publish","hentry"],"yoast_head":"<!-- This site is optimized with the Yoast SEO plugin v24.8.1 - https:\/\/yoast.com\/wordpress\/plugins\/seo\/ -->\n<title>Friedhof - Buxtehude Fotos<\/title>\n<meta name=\"description\" content=\"Buxtehuder Waldfriedhof, Einweihung 1957, Erweiterungsfl\u00e4che 1980, Gr\u00f6\u00dfe ca. 4 ha. Ein weiterer Friedhof befindet sich in der Ferdinandstra\u00dfe.\" \/>\n<meta name=\"robots\" content=\"index, follow, max-snippet:-1, max-image-preview:large, max-video-preview:-1\" \/>\n<link rel=\"canonical\" href=\"https:\/\/www.deibele.eu\/fotobuxtehude\/?page_id=453\" \/>\n<meta property=\"og:locale\" content=\"de_DE\" \/>\n<meta property=\"og:type\" content=\"article\" \/>\n<meta property=\"og:title\" content=\"Friedhof - Buxtehude Fotos\" \/>\n<meta property=\"og:description\" content=\"Buxtehuder Waldfriedhof, Einweihung 1957, Erweiterungsfl\u00e4che 1980, Gr\u00f6\u00dfe ca. 4 ha. Ein weiterer Friedhof befindet sich in der Ferdinandstra\u00dfe.\" \/>\n<meta property=\"og:url\" content=\"https:\/\/www.deibele.eu\/fotobuxtehude\/?page_id=453\" \/>\n<meta property=\"og:site_name\" content=\"Buxtehude Fotos\" \/>\n<meta property=\"article:modified_time\" content=\"2017-04-29T16:15:45+00:00\" \/>\n<meta name=\"twitter:card\" content=\"summary_large_image\" \/>\n<script type=\"application\/ld+json\" class=\"yoast-schema-graph\">{\"@context\":\"https:\/\/schema.org\",\"@graph\":[{\"@type\":\"WebPage\",\"@id\":\"https:\/\/www.deibele.eu\/fotobuxtehude\/?page_id=453\",\"url\":\"https:\/\/www.deibele.eu\/fotobuxtehude\/?page_id=453\",\"name\":\"Friedhof - Buxtehude Fotos\",\"isPartOf\":{\"@id\":\"https:\/\/www.deibele.eu\/fotobuxtehude\/#website\"},\"datePublished\":\"2017-03-22T16:44:17+00:00\",\"dateModified\":\"2017-04-29T16:15:45+00:00\",\"description\":\"Buxtehuder Waldfriedhof, Einweihung 1957, Erweiterungsfl\u00e4che 1980, Gr\u00f6\u00dfe ca. 4 ha. Ein weiterer Friedhof befindet sich in der Ferdinandstra\u00dfe.\",\"breadcrumb\":{\"@id\":\"https:\/\/www.deibele.eu\/fotobuxtehude\/?page_id=453#breadcrumb\"},\"inLanguage\":\"de\",\"potentialAction\":[{\"@type\":\"ReadAction\",\"target\":[\"https:\/\/www.deibele.eu\/fotobuxtehude\/?page_id=453\"]}]},{\"@type\":\"BreadcrumbList\",\"@id\":\"https:\/\/www.deibele.eu\/fotobuxtehude\/?page_id=453#breadcrumb\",\"itemListElement\":[{\"@type\":\"ListItem\",\"position\":1,\"name\":\"Startseite\",\"item\":\"https:\/\/www.deibele.eu\/fotobuxtehude\/\"},{\"@type\":\"ListItem\",\"position\":2,\"name\":\"Friedhof\"}]},{\"@type\":\"WebSite\",\"@id\":\"https:\/\/www.deibele.eu\/fotobuxtehude\/#website\",\"url\":\"https:\/\/www.deibele.eu\/fotobuxtehude\/\",\"name\":\"Buxtehude Fotos\",\"description\":\"von Arnold Deibele\",\"potentialAction\":[{\"@type\":\"SearchAction\",\"target\":{\"@type\":\"EntryPoint\",\"urlTemplate\":\"https:\/\/www.deibele.eu\/fotobuxtehude\/?s={search_term_string}\"},\"query-input\":{\"@type\":\"PropertyValueSpecification\",\"valueRequired\":true,\"valueName\":\"search_term_string\"}}],\"inLanguage\":\"de\"}]}<\/script>\n<!-- \/ Yoast SEO plugin. -->","yoast_head_json":{"title":"Friedhof - Buxtehude Fotos","description":"Buxtehuder Waldfriedhof, Einweihung 1957, Erweiterungsfl\u00e4che 1980, Gr\u00f6\u00dfe ca. 4 ha. Ein weiterer Friedhof befindet sich in der Ferdinandstra\u00dfe.","robots":{"index":"index","follow":"follow","max-snippet":"max-snippet:-1","max-image-preview":"max-image-preview:large","max-video-preview":"max-video-preview:-1"},"canonical":"https:\/\/www.deibele.eu\/fotobuxtehude\/?page_id=453","og_locale":"de_DE","og_type":"article","og_title":"Friedhof - Buxtehude Fotos","og_description":"Buxtehuder Waldfriedhof, Einweihung 1957, Erweiterungsfl\u00e4che 1980, Gr\u00f6\u00dfe ca. 4 ha. Ein weiterer Friedhof befindet sich in der Ferdinandstra\u00dfe.","og_url":"https:\/\/www.deibele.eu\/fotobuxtehude\/?page_id=453","og_site_name":"Buxtehude Fotos","article_modified_time":"2017-04-29T16:15:45+00:00","twitter_card":"summary_large_image","schema":{"@context":"https:\/\/schema.org","@graph":[{"@type":"WebPage","@id":"https:\/\/www.deibele.eu\/fotobuxtehude\/?page_id=453","url":"https:\/\/www.deibele.eu\/fotobuxtehude\/?page_id=453","name":"Friedhof - Buxtehude Fotos","isPartOf":{"@id":"https:\/\/www.deibele.eu\/fotobuxtehude\/#website"},"datePublished":"2017-03-22T16:44:17+00:00","dateModified":"2017-04-29T16:15:45+00:00","description":"Buxtehuder Waldfriedhof, Einweihung 1957, Erweiterungsfl\u00e4che 1980, Gr\u00f6\u00dfe ca. 4 ha. Ein weiterer Friedhof befindet sich in der Ferdinandstra\u00dfe.","breadcrumb":{"@id":"https:\/\/www.deibele.eu\/fotobuxtehude\/?page_id=453#breadcrumb"},"inLanguage":"de","potentialAction":[{"@type":"ReadAction","target":["https:\/\/www.deibele.eu\/fotobuxtehude\/?page_id=453"]}]},{"@type":"BreadcrumbList","@id":"https:\/\/www.deibele.eu\/fotobuxtehude\/?page_id=453#breadcrumb","itemListElement":[{"@type":"ListItem","position":1,"name":"Startseite","item":"https:\/\/www.deibele.eu\/fotobuxtehude\/"},{"@type":"ListItem","position":2,"name":"Friedhof"}]},{"@type":"WebSite","@id":"https:\/\/www.deibele.eu\/fotobuxtehude\/#website","url":"https:\/\/www.deibele.eu\/fotobuxtehude\/","name":"Buxtehude Fotos","description":"von Arnold Deibele","potentialAction":[{"@type":"SearchAction","target":{"@type":"EntryPoint","urlTemplate":"https:\/\/www.deibele.eu\/fotobuxtehude\/?s={search_term_string}"},"query-input":{"@type":"PropertyValueSpecification","valueRequired":true,"valueName":"search_term_string"}}],"inLanguage":"de"}]}},"_links":{"self":[{"href":"https:\/\/www.deibele.eu\/fotobuxtehude\/index.php?rest_route=\/wp\/v2\/pages\/453","targetHints":{"allow":["GET"]}}],"collection":[{"href":"https:\/\/www.deibele.eu\/fotobuxtehude\/index.php?rest_route=\/wp\/v2\/pages"}],"about":[{"href":"https:\/\/www.deibele.eu\/fotobuxtehude\/index.php?rest_route=\/wp\/v2\/types\/page"}],"author":[{"embeddable":true,"href":"https:\/\/www.deibele.eu\/fotobuxtehude\/index.php?rest_route=\/wp\/v2\/users\/1"}],"replies":[{"embeddable":true,"href":"https:\/\/www.deibele.eu\/fotobuxtehude\/index.php?rest_route=%2Fwp%2Fv2%2Fcomments&post=453"}],"version-history":[{"count":11,"href":"https:\/\/www.deibele.eu\/fotobuxtehude\/index.php?rest_route=\/wp\/v2\/pages\/453\/revisions"}],"predecessor-version":[{"id":5869,"href":"https:\/\/www.deibele.eu\/fotobuxtehude\/index.php?rest_route=\/wp\/v2\/pages\/453\/revisions\/5869"}],"wp:attachment":[{"href":"https:\/\/www.deibele.eu\/fotobuxtehude\/index.php?rest_route=%2Fwp%2Fv2%2Fmedia&parent=453"}],"curies":[{"name":"wp","href":"https:\/\/api.w.org\/{rel}","templated":true}]}}