{"id":399,"date":"2017-03-22T17:30:47","date_gmt":"2017-03-22T16:30:47","guid":{"rendered":"http:\/\/www.deibele.eu\/fotobuxtehude\/?page_id=399"},"modified":"2017-04-21T16:52:00","modified_gmt":"2017-04-21T14:52:00","slug":"alte-lateinschule","status":"publish","type":"page","link":"https:\/\/www.deibele.eu\/fotobuxtehude\/?page_id=399","title":{"rendered":"Alte Lateinschule"},"content":{"rendered":"<table border=\"0\" cellpadding=\"1\" cellspacing=\"1\" style=\"width: 100%;\">\n<tbody>\n<tr>\n<td style=\"width: 25%;\">\n\t\t\t\t<strong>Querverweise:<\/strong>\n\t\t\t<\/td>\n<td style=\"width: 25%;\">\n\t\t\t\t<a href=\"http:\/\/www.deibele.eu\/fotobuxtehude\/?page_id=252\">Abthaus<\/a>\n\t\t\t<\/td>\n<td style=\"width: 25%;\">\n\t\t\t\t<a href=\"http:\/\/www.deibele.eu\/fotobuxtehude\/?page_id=248\">Abtstra&szlig;e<\/a>\n\t\t\t<\/td>\n<td style=\"width: 25%;\">\n\t\t\t\tAlte Lateinschule\n\t\t\t<\/td>\n<\/tr>\n<tr>\n<td style=\"width: 25%;\">\n\t\t\t\t&nbsp;\n\t\t\t<\/td>\n<td style=\"width: 25%;\">\n\t\t\t\t&nbsp;\n\t\t\t<\/td>\n<td style=\"width: 25%;\">\n\t\t\t\t&nbsp;\n\t\t\t<\/td>\n<td style=\"width: 25%;\">\n\t\t\t\t&nbsp;\n\t\t\t<\/td>\n<\/tr>\n<tr>\n<td style=\"width: 25%;\">\n\t\t\t\t&nbsp;\n\t\t\t<\/td>\n<td style=\"width: 25%;\">\n\t\t\t\t&nbsp;\n\t\t\t<\/td>\n<td style=\"width: 25%;\">\n\t\t\t\t&nbsp;\n\t\t\t<\/td>\n<td style=\"width: 25%;\">\n\t\t\t\t&nbsp;\n\t\t\t<\/td>\n<\/tr>\n<\/tbody>\n<\/table>\n<p>\n\tDie alte Lateinschule an der Abtstra&szlig;e 1 wird bereits 1468 in einer Urkunde erw&auml;hnt.<br \/>\n\tngg_shortcode_0_placeholder<\/p>\n","protected":false},"excerpt":{"rendered":"<p>Querverweise: Abthaus Abtstra&szlig;e Alte Lateinschule &nbsp; &nbsp; &nbsp; &nbsp; &nbsp; &nbsp; &nbsp; &nbsp; Die alte Lateinschule an der Abtstra&szlig;e 1 wird bereits 1468 in einer Urkunde erw&auml;hnt.<\/p>\n","protected":false},"author":1,"featured_media":0,"parent":0,"menu_order":0,"comment_status":"closed","ping_status":"closed","template":"","meta":{"ngg_post_thumbnail":0,"footnotes":""},"class_list":["post-399","page","type-page","status-publish","hentry"],"yoast_head":"<!-- This site is optimized with the Yoast SEO plugin v24.8.1 - https:\/\/yoast.com\/wordpress\/plugins\/seo\/ -->\n<title>Alte Lateinschule - Buxtehude Fotos<\/title>\n<meta name=\"description\" content=\"Die Alte Lateinschule an der Abtstra\u00dfe 1 wird bereits 1468 in einer Urkunde erw\u00e4hnt. Alte Lateinschule, Buxtehude, Abtstra\u00dfe, Abthaus\" \/>\n<meta name=\"robots\" content=\"index, follow, max-snippet:-1, max-image-preview:large, max-video-preview:-1\" \/>\n<link rel=\"canonical\" href=\"https:\/\/www.deibele.eu\/fotobuxtehude\/?page_id=399\" \/>\n<meta property=\"og:locale\" content=\"de_DE\" \/>\n<meta property=\"og:type\" content=\"article\" \/>\n<meta property=\"og:title\" content=\"Alte Lateinschule - Buxtehude Fotos\" \/>\n<meta property=\"og:description\" content=\"Die Alte Lateinschule an der Abtstra\u00dfe 1 wird bereits 1468 in einer Urkunde erw\u00e4hnt. Alte Lateinschule, Buxtehude, Abtstra\u00dfe, Abthaus\" \/>\n<meta property=\"og:url\" content=\"https:\/\/www.deibele.eu\/fotobuxtehude\/?page_id=399\" \/>\n<meta property=\"og:site_name\" content=\"Buxtehude Fotos\" \/>\n<meta property=\"article:modified_time\" content=\"2017-04-21T14:52:00+00:00\" \/>\n<meta name=\"twitter:card\" content=\"summary_large_image\" \/>\n<script type=\"application\/ld+json\" class=\"yoast-schema-graph\">{\"@context\":\"https:\/\/schema.org\",\"@graph\":[{\"@type\":\"WebPage\",\"@id\":\"https:\/\/www.deibele.eu\/fotobuxtehude\/?page_id=399\",\"url\":\"https:\/\/www.deibele.eu\/fotobuxtehude\/?page_id=399\",\"name\":\"Alte Lateinschule - Buxtehude Fotos\",\"isPartOf\":{\"@id\":\"https:\/\/www.deibele.eu\/fotobuxtehude\/#website\"},\"datePublished\":\"2017-03-22T16:30:47+00:00\",\"dateModified\":\"2017-04-21T14:52:00+00:00\",\"description\":\"Die Alte Lateinschule an der Abtstra\u00dfe 1 wird bereits 1468 in einer Urkunde erw\u00e4hnt. Alte Lateinschule, Buxtehude, Abtstra\u00dfe, Abthaus\",\"breadcrumb\":{\"@id\":\"https:\/\/www.deibele.eu\/fotobuxtehude\/?page_id=399#breadcrumb\"},\"inLanguage\":\"de\",\"potentialAction\":[{\"@type\":\"ReadAction\",\"target\":[\"https:\/\/www.deibele.eu\/fotobuxtehude\/?page_id=399\"]}]},{\"@type\":\"BreadcrumbList\",\"@id\":\"https:\/\/www.deibele.eu\/fotobuxtehude\/?page_id=399#breadcrumb\",\"itemListElement\":[{\"@type\":\"ListItem\",\"position\":1,\"name\":\"Startseite\",\"item\":\"https:\/\/www.deibele.eu\/fotobuxtehude\/\"},{\"@type\":\"ListItem\",\"position\":2,\"name\":\"Alte Lateinschule\"}]},{\"@type\":\"WebSite\",\"@id\":\"https:\/\/www.deibele.eu\/fotobuxtehude\/#website\",\"url\":\"https:\/\/www.deibele.eu\/fotobuxtehude\/\",\"name\":\"Buxtehude Fotos\",\"description\":\"von Arnold Deibele\",\"potentialAction\":[{\"@type\":\"SearchAction\",\"target\":{\"@type\":\"EntryPoint\",\"urlTemplate\":\"https:\/\/www.deibele.eu\/fotobuxtehude\/?s={search_term_string}\"},\"query-input\":{\"@type\":\"PropertyValueSpecification\",\"valueRequired\":true,\"valueName\":\"search_term_string\"}}],\"inLanguage\":\"de\"}]}<\/script>\n<!-- \/ Yoast SEO plugin. -->","yoast_head_json":{"title":"Alte Lateinschule - Buxtehude Fotos","description":"Die Alte Lateinschule an der Abtstra\u00dfe 1 wird bereits 1468 in einer Urkunde erw\u00e4hnt. Alte Lateinschule, Buxtehude, Abtstra\u00dfe, Abthaus","robots":{"index":"index","follow":"follow","max-snippet":"max-snippet:-1","max-image-preview":"max-image-preview:large","max-video-preview":"max-video-preview:-1"},"canonical":"https:\/\/www.deibele.eu\/fotobuxtehude\/?page_id=399","og_locale":"de_DE","og_type":"article","og_title":"Alte Lateinschule - Buxtehude Fotos","og_description":"Die Alte Lateinschule an der Abtstra\u00dfe 1 wird bereits 1468 in einer Urkunde erw\u00e4hnt. Alte Lateinschule, Buxtehude, Abtstra\u00dfe, Abthaus","og_url":"https:\/\/www.deibele.eu\/fotobuxtehude\/?page_id=399","og_site_name":"Buxtehude Fotos","article_modified_time":"2017-04-21T14:52:00+00:00","twitter_card":"summary_large_image","schema":{"@context":"https:\/\/schema.org","@graph":[{"@type":"WebPage","@id":"https:\/\/www.deibele.eu\/fotobuxtehude\/?page_id=399","url":"https:\/\/www.deibele.eu\/fotobuxtehude\/?page_id=399","name":"Alte Lateinschule - Buxtehude Fotos","isPartOf":{"@id":"https:\/\/www.deibele.eu\/fotobuxtehude\/#website"},"datePublished":"2017-03-22T16:30:47+00:00","dateModified":"2017-04-21T14:52:00+00:00","description":"Die Alte Lateinschule an der Abtstra\u00dfe 1 wird bereits 1468 in einer Urkunde erw\u00e4hnt. Alte Lateinschule, Buxtehude, Abtstra\u00dfe, Abthaus","breadcrumb":{"@id":"https:\/\/www.deibele.eu\/fotobuxtehude\/?page_id=399#breadcrumb"},"inLanguage":"de","potentialAction":[{"@type":"ReadAction","target":["https:\/\/www.deibele.eu\/fotobuxtehude\/?page_id=399"]}]},{"@type":"BreadcrumbList","@id":"https:\/\/www.deibele.eu\/fotobuxtehude\/?page_id=399#breadcrumb","itemListElement":[{"@type":"ListItem","position":1,"name":"Startseite","item":"https:\/\/www.deibele.eu\/fotobuxtehude\/"},{"@type":"ListItem","position":2,"name":"Alte Lateinschule"}]},{"@type":"WebSite","@id":"https:\/\/www.deibele.eu\/fotobuxtehude\/#website","url":"https:\/\/www.deibele.eu\/fotobuxtehude\/","name":"Buxtehude Fotos","description":"von Arnold Deibele","potentialAction":[{"@type":"SearchAction","target":{"@type":"EntryPoint","urlTemplate":"https:\/\/www.deibele.eu\/fotobuxtehude\/?s={search_term_string}"},"query-input":{"@type":"PropertyValueSpecification","valueRequired":true,"valueName":"search_term_string"}}],"inLanguage":"de"}]}},"_links":{"self":[{"href":"https:\/\/www.deibele.eu\/fotobuxtehude\/index.php?rest_route=\/wp\/v2\/pages\/399","targetHints":{"allow":["GET"]}}],"collection":[{"href":"https:\/\/www.deibele.eu\/fotobuxtehude\/index.php?rest_route=\/wp\/v2\/pages"}],"about":[{"href":"https:\/\/www.deibele.eu\/fotobuxtehude\/index.php?rest_route=\/wp\/v2\/types\/page"}],"author":[{"embeddable":true,"href":"https:\/\/www.deibele.eu\/fotobuxtehude\/index.php?rest_route=\/wp\/v2\/users\/1"}],"replies":[{"embeddable":true,"href":"https:\/\/www.deibele.eu\/fotobuxtehude\/index.php?rest_route=%2Fwp%2Fv2%2Fcomments&post=399"}],"version-history":[{"count":7,"href":"https:\/\/www.deibele.eu\/fotobuxtehude\/index.php?rest_route=\/wp\/v2\/pages\/399\/revisions"}],"predecessor-version":[{"id":5695,"href":"https:\/\/www.deibele.eu\/fotobuxtehude\/index.php?rest_route=\/wp\/v2\/pages\/399\/revisions\/5695"}],"wp:attachment":[{"href":"https:\/\/www.deibele.eu\/fotobuxtehude\/index.php?rest_route=%2Fwp%2Fv2%2Fmedia&parent=399"}],"curies":[{"name":"wp","href":"https:\/\/api.w.org\/{rel}","templated":true}]}}

<!-- This site is optimized with the Yoast SEO plugin v24.8.1 - https://yoast.com/wordpress/plugins/seo/ -->
<title>Alte Lateinschule - Buxtehude Fotos</title>
<meta name="description" content="Die Alte Lateinschule an der Abtstraße 1 wird bereits 1468 in einer Urkunde erwähnt. Alte Lateinschule, Buxtehude, Abtstraße, Abthaus" />
<meta name="robots" content="index, follow, max-snippet:-1, max-image-preview:large, max-video-preview:-1" />
<link rel="canonical" href="https://www.deibele.eu/fotobuxtehude/?page_id=399" />
<meta property="og:locale" content="de_DE" />
<meta property="og:type" content="article" />
<meta property="og:title" content="Alte Lateinschule - Buxtehude Fotos" />
<meta property="og:description" content="Die Alte Lateinschule an der Abtstraße 1 wird bereits 1468 in einer Urkunde erwähnt. Alte Lateinschule, Buxtehude, Abtstraße, Abthaus" />
<meta property="og:url" content="https://www.deibele.eu/fotobuxtehude/?page_id=399" />
<meta property="og:site_name" content="Buxtehude Fotos" />
<meta property="article:modified_time" content="2017-04-21T14:52:00+00:00" />
<meta name="twitter:card" content="summary_large_image" />
<script type="application/ld+json" class="yoast-schema-graph">{"@context":"https://schema.org","@graph":[{"@type":"WebPage","@id":"https://www.deibele.eu/fotobuxtehude/?page_id=399","url":"https://www.deibele.eu/fotobuxtehude/?page_id=399","name":"Alte Lateinschule - Buxtehude Fotos","isPartOf":{"@id":"https://www.deibele.eu/fotobuxtehude/#website"},"datePublished":"2017-03-22T16:30:47+00:00","dateModified":"2017-04-21T14:52:00+00:00","description":"Die Alte Lateinschule an der Abtstraße 1 wird bereits 1468 in einer Urkunde erwähnt. Alte Lateinschule, Buxtehude, Abtstraße, Abthaus","breadcrumb":{"@id":"https://www.deibele.eu/fotobuxtehude/?page_id=399#breadcrumb"},"inLanguage":"de","potentialAction":[{"@type":"ReadAction","target":["https://www.deibele.eu/fotobuxtehude/?page_id=399"]}]},{"@type":"BreadcrumbList","@id":"https://www.deibele.eu/fotobuxtehude/?page_id=399#breadcrumb","itemListElement":[{"@type":"ListItem","position":1,"name":"Startseite","item":"https://www.deibele.eu/fotobuxtehude/"},{"@type":"ListItem","position":2,"name":"Alte Lateinschule"}]},{"@type":"WebSite","@id":"https://www.deibele.eu/fotobuxtehude/#website","url":"https://www.deibele.eu/fotobuxtehude/","name":"Buxtehude Fotos","description":"von Arnold Deibele","potentialAction":[{"@type":"SearchAction","target":{"@type":"EntryPoint","urlTemplate":"https://www.deibele.eu/fotobuxtehude/?s={search_term_string}"},"query-input":{"@type":"PropertyValueSpecification","valueRequired":true,"valueName":"search_term_string"}}],"inLanguage":"de"}]}</script>
<!-- / Yoast SEO plugin. -->

Die Alte Lateinschule an der Abtstraße 1 wird bereits 1468 in einer Urkunde erwähnt. Alte Lateinschule, Buxtehude, Abtstraße, Abthaus
